pose 18 = 4*p + h + h, 0 = 3*p - 4*h - 19. Let y = -2 + 2. Suppose s + p*m - 21 = y, m - 30 = -4*s - m. What is the units digit of s?
6
Let q(b) be the first derivative of 5/2*b**2 + 1/4*b**4 - 4/3*b**3 + 3*b + 12. What is the units digit of q(4)?
3
Suppose 5*z + 29*m = 34*m + 11285, 3*z + m = 6759. What is the thousands digit of z?
2
Suppose 4*u - p = 25, -21 = 4*u - 7*u + 3*p. Let l(k) be the first derivative of 5*k**2/2 - 7*k + 3. What is the units digit of l(u)?
3
Let t be (2 + 4)*2/(-3). Let j = t + 10. What is the units digit of 8 + 2*(-3)/j?
7
Suppose 3*l = -5*m + l + 26, 0 = 5*m + l - 23. Suppose -m*t - 3 = -63. What is the units digit of ((-18)/(-15))/(2/t)?
9
Let z(v) = -4*v**3 - 2*v**2 + 3*v + 15. What is the hundreds digit of z(-5)?
4
Let c(k) = -90*k**2 - 7*k + 3. Let u be 4/(4 + -3) + 3. Let v(w) = 30*w**2 + 2*w - 1. Let f(m) = u*v(m) + 2*c(m). What is the units digit of f(1)?
9
Suppose 2*g = d - 2, 3*d - g = -5*g + 16. Let z(h) = 3*h**2 - d*h - 3*h + 12*h + 7. What is the tens digit of z(4)?
7
Suppose 11*u - 9137 + 557 = 0. What is the units digit of u?
0
Let u(w) = -w**2 - w + 74. Let s(t) = 4*t - 28. Let v be s(7). What is the tens digit of u(v)?
7
Suppose -4*u = -23 - 21. Let o = -11 + u. Let b = 9 + o. What is the units digit of b?
9
Let v = 19 + -15. Let p(i) be the third derivative of i**6/120 - i**5/20 - i**4/12 + i**3 - i**2. What is the units digit of p(v)?
4
Let v = -2 - 10. Let s be (-6)/v - (-202)/4. Let x = s + -34. What is the units digit of x?
7
What is the tens digit of (-42575)/(-275) + 4/22?
5
Let k(n) = n**2 - 8*n + 331. What is the hundreds digit of k(0)?
3
What is the tens digit of (-12 - -13) + 4895 + -1?
9
Let c = -400 - -569. Let p = c - 115. What is the tens digit of p?
5
Let y(o) = 3*o**2 + 11*o + 19. Let n be y(9). Let a = n + -222. What is the hundreds digit of a?
1
Suppose 0 = -2*g - 3*c + 2, -2*g + 3*c = -19 + 5. Suppose -2*l + 3 = -4*n - 55, n = -g*l + 134. Let p = l - 20. What is the units digit of p?
3
Suppose -855 = 28*x - 29*x. What is the hundreds digit of x?
8
Let y be (-12)/5*(-770)/21. Suppose -y = -4*t + 4*u, 0*t - 2*t + u = -40. What is the tens digit of t?
1
Let o(t) = 3*t - 21. Let l be o(-21). What is the units digit of 21/l - 645/(-4)?
1
Let c = -582 + 916. Suppose 2*d - 6*d = 5*o - 655, -2*d + c = -4*o. What is the hundreds digit of d?
1
Let h be 168/27 - (-2)/(-9). Let a be (-75)/(-9) - 2/(-3). Let p = a - h. What is the units digit of p?
3
Suppose 3*k = -24 + 42. Suppose -135 = -9*h + k*h. What is the units digit of h?
5
What is the hundreds digit of (-1)/9 + (-7026)/(-54)?
1
Let h = 1463 + -843. What is the tens digit of h?
2
Let u(n) = 21*n**3 + 5*n**2 + 4*n + 20. What is the units digit of u(5)?
0
Let x = -19 - -12. Let g(u) = -19*u + 11. What is the units digit of g(x)?
4
Let b(w) = -w**3 - 24*w**2 - 69*w - 30. What is the units digit of b(-23)?
8
Let j(c) = c**3 + 21*c**2 - 16*c + 56. What is the units digit of j(-20)?
6
Let a(i) = -i**3 - 6*i**2 + i - 8. Let j be a(-5). Let q = -19 - j. Suppose 2*m + q = 127. What is the tens digit of m?
5
Suppose -2*z + 3*n + 94 = -0*z, -4*z - n = -216. Suppose -455 + z = -6*d. Let o = -40 + d. What is the tens digit of o?
2
Let k = -10 - -15. Suppose -4*w = 3*d - 110, 3*d = k*w - 32 + 178. Suppose 2*z - d = -2*p, -3*z + 25 + 73 = -4*p. What is the tens digit of z?
2
Let b(o) = 0 + 10 + 5*o**2 + 2*o + 1 + 0*o**2. What is the units digit of b(-5)?
6
Suppose 14*m + 360 = 9*m. Let s = m - -195. What is the hundreds digit of s?
1
Suppose 1 = -3*i + 7. What is the tens digit of i/(-5)*340/(-2)?
6
Let l be (-156)/(-42) - 4/(-14). Suppose 4*w = 3*w + l. Suppose -4*u + 2*a = -72, 4*u = -0*u - w*a + 96. What is the units digit of u?
0
Suppose 3*r = -k - 32, -5*r = 5*k - 23 + 223. Let m = k + 98. What is the tens digit of m?
5
Let z = 24 + -18. What is the tens digit of (-6)/(-36) + 953/z?
5
Suppose 4*f - 3*f = -4, 2491 = b - 2*f. What is the hundreds digit of b?
4
Let g(i) = i**2 - 8*i + 2. Let n(c) = c**2 + c + 8. Let z be n(0). Let h be g(z). Suppose -h*l - 2*l + 60 = 3*m, 4*m - 75 = -5*l. What is the units digit of l?
5
Let w(l) = l**3 - 16*l**2 - 7*l - 41. Let u be w(17). Let s = u + -48. What is the units digit of s?
1
Suppose 3 = i, 3*i - 580 = -2*u - i. What is the tens digit of u?
8
Let k = 55 + 40. Let q = 63 - k. What is the units digit of (-8)/q + 55/4?
4
Let k be (-1 - -2)/((-4)/(-20)). Suppose 3*f - 2*o - 2 - 6 = 0, -4*f + k*o + 13 = 0. Suppose 0 = -2*r - f*r + 48. What is the units digit of r?
2
Let y(i) = -i**2 - 12*i - 10. Let l be y(-11). Let j(r) = 4*r**3 + r**2 - 2*r + 1. Let k be j(l). Suppose -3*q - 1 = -k*q. What is the units digit of q?
1
What is the thousands digit of -4 - 0 - (-15 - (2283 + 6))?
2
Let y = 144 + 242. What is the hundreds digit of y?
3
Suppose -4*x - 9 = 3*w, -w = -0*x - 3*x - 10. Let i be (0 - -2) + 6/w. What is the tens digit of (-4)/(-6)*156/i?
1
Let k = 17 - 15. Suppose 0 = -6*j + k*j - 48. Let w = -6 - j. What is the units digit of w?
6
What is the tens digit of 2267 - (2 - (10 + 1))?
7
Let l(p) = p**2 - 6*p - 5. Let q be l(7). Let o = q - 2. Suppose 12 = g + 5*f, -2*f + o*f = -2*g + 72. What is the units digit of g?
2
Let y be ((-8)/48*33)/((-1)/(-10)). Let z = y + 99. What is the tens digit of z?
4
Let t(c) = c**3 - 4*c**2 + 4*c + 1. Let f be 16/((1 + 0)/(-1)). Let u = f - -19. What is the units digit of t(u)?
4
Suppose 0 = 105*f - 95*f - 6350. What is the tens digit of f?
3
Let r(b) = 230*b**2 + 62*b - 130. What is the hundreds digit of r(2)?
9
Let a(i) = -i**2 - 27*i + 41. Let u be -1 + 87/(-5) + 18/(-30). What is the units digit of a(u)?
3
Let q(m) be the third derivative of m**3 + 1/120*m**6 + 0*m**4 - 7/30*m**5 + 0 + 6*m**2 + 0*m. What is the units digit of q(14)?
6
Let c(j) = -161*j - 195. What is the units digit of c(-4)?
9
Suppose 13*b = 9*b - f + 3023, 0 = -4*b - 5*f + 3003. What is the tens digit of b?
5
Suppose 2*k - 2*z - 12 = 0, -2*k - 4*z + 5 = 11. Let p = 9 - 2. Suppose -p*a = -k*a - 116. What is the units digit of a?
9
Suppose -18*h + 3*h = -6750. What is the hundreds digit of h?
4
Suppose 0 = -2*n + 4*c + 6, -2*c = 2*c + 12. Let a(f) = -3*f**3 + 2*f**2 - 4*f - 6. What is the tens digit of a(n)?
0
Let r be (-20)/5 - (-24)/3. Suppose 163 = r*p + 23. What is the tens digit of p?
3
Let z = 365 - 6. Suppose z = 4*i - 25. What is the tens digit of i?
9
Let p(q) = 2*q**2 + 24*q - 77. What is the units digit of p(-32)?
3
Let f be 215/(-3) - 4/12. Let p be f/(-10) + (-1)/5. Suppose 154 = -0*g + p*g. What is the tens digit of g?
2
Let q(c) = 1016*c + 1016*c - 2 - 2031*c. Suppose 2*y - i + 7 = 31, 5*i + 36 = 3*y. What is the units digit of q(y)?
0
Suppose 5*x - 1300 = -5*l, -3*l + 5*l = -3*x + 518. What is the hundreds digit of l?
2
Let u = 3113 + -2214. What is the units digit of u?
9
Let o(z) = 61*z + 412. What is the hundreds digit of o(5)?
7
Let q(j) = 8*j**2 - 13*j - 7. What is the units digit of q(-7)?
6
What is the hundreds digit of ((-11)/22)/(1/(-1784)) + 4?
8
Let y be 25/9 + -3 + (-114)/(-27). Suppose -y*j + 5*j = 25. What is the units digit of j?
5
Let y(n) = n**3 + 5*n**2 + 5*n + 2. Let o be y(-3). Suppose -o*s = -0*s. Let m = 11 - s. What is the units digit of m?
1
Suppose 0 = -3*g + 4*h - 43, -4*g - 69 = 2*h + 3. Let c = -11 - g. What is the units digit of 76/c + (-2)/(-6)?
3
Suppose -40*r + 37*r + 678 = 0. What is the tens digit of r?
2
Suppose 6*s = 5*m + s + 145, -107 = 4*m - s. Let p = m + 18. Let q = p + 33. What is the tens digit of q?
2
Let i(x) = x**3 - 4*x**2 - 11. What is the tens digit of i(8)?
4
Suppose 0 = 3*b + 2*b - 1590. Suppose -25*a = -22*a - b. What is the units digit of a?
6
Let g(f) = f**2 - f + 1. Let r be g(2). Suppose -r*y + 7*y - 12 = 0. Suppose -c - 96 = -4*k - 5*c, 2*k - y*c = 23. What is the tens digit of k?
1
Suppose 0 = g - 17 + 5. Let s = g + -5. Suppose -b = -s - 17. What is the tens digit of b?
2
Suppose -43*d - 42263 = -333287. What is the tens digit of d?
6
Let x = 89 + 527. What is the hundreds digit of x?
6
Suppose -1488 = -7*z - 186. What is the units digit of z?
6
Suppose -15 - 24 = 3*k. Let z = 12 + k. What is the tens digit of z - (-2)/2 - -26?
2
Suppose -3*b = 3 - 9. Suppose 0 = -b*d + 10 + 34. What is the units digit of d?
2
Let k(t) = t